uppose 3*s + s + 8 = -4*k, -4*k + 5*s + v = 0. Does 12 divide (33 - 9)/(1/(3/k))?
True
Suppose -11*o - 160*o = -34*o - 537040. Is o a multiple of 20?
True
Suppose q - 115 = -4*y, y + 5*q - 7 + 2 = 0. Is 655/(-2)*(-36)/y a multiple of 18?
False
Suppose u - 194 - 606 = 0. Suppose -u = 4*l + 48. Let q = -40 - l. Does 20 divide q?
False
Suppose -2*t - 24 = t. Let v(d) be the second derivative of -d**3/3 - 3*d**2 - 9*d + 7. Is 5 a factor of v(t)?
True
Suppose -8476 = -h + 2*f, h - 20*f = -21*f + 8482. Is 16 a factor of h?
True
Let a(v) = 225*v**2 + 5*v + 5. Let m be a(-4). Suppose -j - 717 = -2*j - 5*i, 5*j - 2*i = m. Does 13 divide j?
False
Let d(k) = 4*k + 2*k - 108 + 95 - 5*k**2 + k - 3*k**3 + 2*k**2. Is 12 a factor of d(-5)?
True
Let v(a) = 117*a + 941. Does 8 divide v(-7)?
False
Let c(d) = -27 + 53 - 33*d - 39. Is c(-5) a multiple of 7?
False
Let x be ((-368)/(-12))/(-1)*(18 - 0). Let w = x + 1043. Is 26 a factor of w?
False
Let d = -1162 + 592. Is 5/1 - d/6 a multiple of 3?
False
Suppose 20 = -5*a, -5*m = -4*a - 7495 - 48731. Is m a multiple of 146?
True
Let n(h) = -2*h**3 - 6*h**2 - 5*h - 6. Let y be n(-5). Suppose 4*f = 0, -4*r - y = 3*f - 335. Suppose -j - 26 = -5*l + r, 0 = 4*j. Does 3 divide l?
False
Let l(b) = -2*b**2 - 65*b - 21. Let n be l(-32). Does 10 divide n/33*(-810)/(-5)?
False
Suppose 23*n + 477582 = 73*n - 29*n. Is 166 a factor of n?
True
Let g(p) = p**2 - 6*p - 5. Let v be g(7). Suppose -v*q + 219 = o, -o - 2*o = 3*q - 645. Does 11 divide o?
False
Let k(j) = -19*j - 205. Let g be k(-11). Suppose -4*w = w + 4*t - 1328, 2*w - 536 = -g*t. Is w a multiple of 24?
True
Let d = -8495 - -26397. Is 7 a factor of d?
False
Let u(i) = -17*i + 29*i - 9*i - 7. Let y be u(3). Suppose -5*g = -3*g + 5*n - 140, -y*n + 146 = 2*g. Does 21 divide g?
False
Suppose 2*c = -2*k + 832, -k - 5*c + 400 = -0*k. Suppose -6*g - k = -2*f - 2*g, -3*f = g - 609. Is 8 a factor of f?
False
Let a(g) = 78*g + 24. Let y be a(5). Suppose 68*t - 74*t = -y. Is 19 a factor of t?
False
Suppose -832 = -m + 5*r, -2*m - 356*r + 1712 = -360*r. Does 5 divide m?
False
Let g = 472 - 476. Does 2 divide 1146/26 - g/(-52)?
True
Let k(c) = -6*c**3 + 4*c**2 + 28*c + 227. Is k(-7) a multiple of 41?
False
Suppose -2*l - 3*q - 803 = 0, 6*l - 7*l + 2*q = 412. Let o = l + 705. Is 17 a factor of o?
False
Suppose -7*n = -2372 - 5755. Is n a multiple of 27?
True
Let b = 23555 - -11474. Does 26 divide b?
False
Does 3 divide ((-1650)/(-20))/(15/30)?
True
Suppose -z + 1020 = -4*q - 3945, 0 = 2*z - 2*q - 9948. Is 79 a factor of z?
True
Suppose -38335 = -2*g - 7*u, -3*g - 4*u = -u - 57510. Does 150 divide g?
False
Let r be ((-32)/6)/(-2)*(-1425)/(-10). Suppose -b - 5*d + 95 = 0, 4*b + 6*d - r = 9*d. Does 7 divide b?
False
Suppose -7*l + 3*l + 102 = 2*m, -m - 27 = -l. Suppose -l*y + 10*y + 1344 = 0. Is 14 a factor of y?
True
Let j = 26 + -28. Let n = 3 - j. Suppose -3*v = -3*b + 72, -2*b + n*v = v - 42. Is 14 a factor of b?
False
Suppose 24 = -4*x - 4*s, -3*x + 5*s + 9 = 3. Let j(b) = -30*b + 30. Does 5 divide j(x)?
True
Let d(x) = -x + 8. Let k be 12 + (-3 - (0 - 2))*-1. Let z be d(k). Let s = z - -27. Is s a multiple of 9?
False
Suppose 615*h - 37878 = 614*h + 5*l, -h = 2*l - 37836. Is h a multiple of 249?
True
Let p be 3135/171*(-6)/(-5). Suppose p = 2*j - 2512. Is 54 a factor of j?
False
Let d be ((-1)/2)/(2/(-252)). Suppose -25*z = -765 + 265. Let n = d - z. Is n a multiple of 20?
False
Let r be (1 - 1)*23/(-69). Let s be (r + 0)*(28/8 + -3). Suppose h = o - 34, 3*h + 176 = 5*o - s*h. Is 30 a factor of o?
False
Let q = -1519 + 3816. Is 7 a factor of q?
False
Is 36 a factor of 11436/(-5)*(-5)/3?
False
Let y(d) = 6*d**3 - 17*d**2 - 31*d - 7. Let f(h) = 7*h**3 - 18*h**2 - 32*h - 8. Let m(b) = -4*f(b) + 5*y(b). Is m(11) a multiple of 11?
False
Suppose -11 = 2*k - k. Let h = 15 + k. Suppose c - h*c + 285 = 0. Does 19 divide c?
True
Suppose -2105 = 2*n + 5*q - 36054, 0 = -4*n - 3*q + 67947. Is n a multiple of 32?
True
Let j be (-6)/(-4) + 15/6. Suppose -z + 1 = -j*m, 3*z = 6*z - 2*m - 53. Suppose -z*o + 23*o = 120. Is o a multiple of 12?
True
Suppose 0*f + 5*k - 5 = 4*f, 4 = 4*k. Suppose f = 24*h - 22*h - 4. Suppose 12*b - 2250 = h*b. Is b a multiple of 15?
True
Suppose 29*k = 4*f + 28*k - 1452, -k = 5*f - 1797. Let n = 92 + -178. Let j = f + n. Does 25 divide j?
True
Let l be 8/(-28) + (4 - 235/35). Let g(c) = -91*c - 33. Is 20 a factor of g(l)?
True
Let a(i) = 12*i**2 + 24*i - 186. Is a(-29) a multiple of 42?
False
Suppose -2*i = -i + i. Suppose 2*z = 3*d - 41, i*d + d = 3*z + 9. Suppose 4*n + 5*k = -9, -5*n + 5*k + 30 + d = 0. Does 4 divide n?
True
Let a = 202 - 200. Suppose -a*b - 88 = -3*v - v, -2*v + 36 = b. Does 5 divide v?
True
Suppose 10 = 2*p + 2*t, -5*p + 23 = 5*t - 2*t. Suppose -h = 3*s - 95, -5*s = -p*s - 1. Is 10 a factor of h?
False
Let h(q) = -q + 38. Suppose 2*z + 3*z = 0. Let s be h(z). Let y = 138 - s. Is y a multiple of 25?
True
Suppose b - 539 = -10*b. Let z be (14/b)/((-2)/14) + 1. Does 10 divide ((-186)/2*z/(-3))/(-1)?
False
Suppose -33 = -24*g + 21*g. Let k(v) = v**3 - 11*v**2 + 13*v + 20. Let x be k(g). Is (0/(-4) - -5) + x a multiple of 12?
True
Is 12 a factor of (20/(-50))/((-65757)/(-16440) - (-4)/(-1))?
False
Let l = -25 - -24. Let z be (-8*l/(-6))/((-2)/6). Suppose -z*i = -x + 101, 0 = x + 4*x + 5*i - 605. Does 13 divide x?
True
Suppose 3*j = -z + 7370, -6*j + 4*z = -3*j - 7360. Suppose -2462*y + 1800 = -j*y. Is y a multiple of 22?
False
Let h(s) = -s**3 - 4*s**2 + 7*s + 9. Suppose 0 = 11*i + 7 + 15. Let b be i/(-5) + 160/(-25). Does 10 divide h(b)?
False
Let y(r) = 13*r - 4525 + 4439 - 65*r. Is y(-3) a multiple of 11?
False
Let a(o) = -o**3 + o**2 + 5*o + 3. Let y be a(-1). Suppose n + s - 231 = y, -s = -5*s. Does 7 divide n?
True
Let j = -1006 - -1016. Suppose 7*w - 4*q + 5212 = j*w, 0 = 5*w - q - 8656. Is w a multiple of 16?
False
Suppose 3574 + 1056 = 5*a + 5*f, -2*a + 1870 = 5*f. Is a a multiple of 8?
True
Let z(t) = 10*t - 22. Let c be z(5). Suppose 5*u - c = u. Let l = 41 - u. Is l a multiple of 16?
False
Let t(f) be the first derivative of -25*f**2/2 - 54*f - 1. Is t(-24) a multiple of 26?
True
Let r be (-9)/18*(0 - 6) - 0. Suppose 3*j - 4*j + 147 = -i, -5*j + 732 = -2*i. Suppose 4*g - j - 362 = 4*k, r*g - 402 = -4*k. Does 11 divide g?
False
Does 28 divide ((-5)/10 - 1/(-2)) + (3432 - 57)?
False
Let m(f) = -2*f - 10. Let a be m(-9). Suppose 10*l - 36 = a*l. Suppose 0 = -l*u + 24*u - 588. Is u a multiple of 14?
True
Let g(s) = -5*s**2 + 533*s - 114. Is g(57) a multiple of 123?
True
Let w = 42 - 44. Let j(c) = -3*c**2 - 3*c - 1. Let b be j(w). Let k(z) = -18*z + 6. Is k(b) a multiple of 33?
True
Let b = 121 + -122. Let l(k) = 161*k**2 - 1. Is 8 a factor of l(b)?
True
Let o(q) = q**3 + 8*q**2 + q - 4. Let g be o(-7). Let v(m) = -2*m**2 - 18*m + 20. Let x be v(-12). Let f = g - x. Is f a multiple of 30?
True
Let q = 99 - 139. Let p = 194 + q. Does 7 divide p?
True
Suppose -4*d + 5*d = 4. Suppose 3*m + 2*f = -993 - 370, -4*m = d*f + 1820. Is 31 a factor of m/(-2) + (-9)/6*1?
False
Does 15 divide -27*90*((-40)/20)/(8/6)?
True
Let v = 20 + -17. Suppose 2*m = -a + 2, m = a + 2*m - v. Suppose 4*y + 0*g = g + 188, 76 = 2*y + a*g. Is 9 a factor of y?
False
Let v = 29105 + -8616. Does 38 divide v?
False
Suppose -4*x - 28 = 0, -2*f + 3*x = -10540 - 7423. Is 5 a factor of f?
False
Suppose -2*n + 28 + 22 = 5*c, 160 = 5*n - 5*c. Suppose -3*u + 2*x + 102 = -3*x, -u = -3*x - n. Suppose -u = -f + s, 2*s + s = 4*f - 155. Is f a multiple of 19?
True
Let o(d) = -20*d + 16*d + 5*d + 32. Is o(-5) a multiple of 9?
True
Suppose -2*y = 10*f - 8*f - 4406, -3*f + 8807 = 4*y. Is 7 a factor of y?
True
Let a be (1 + 99/(-27))*9/(-2). Suppose 19*z - a - 121 = 0. Suppose z*n - 936 = -5*n. Does 6 divide n?
True
Let g(o) = 1030*o**2 + 26*o - 3. Is g(-2) a multiple of 13?
False
Let k = 36043 - 15637. Does 38 divide k?
True
Let v be (9*6)/(68/748). Suppose 5*z + 4*d - 3562 = 0, 2*d + v = z - 124. Is 38 a factor of z?
False
Let v(g) be the third derivative of -7*g**4/12 - 59*g**3/6 - 3*g**2. Suppose -2*m = -3*r - 65, m - 13 = -4*r - 107. Is v(r) a multiple of 26?
False
Suppose 0 = 2*w + 5*n - 11869, 3*w + 94*n - 17778 = 95*n. Is w a multiple of 12?
False
Let r = 8871 - 6775. Is r a multiple 